t(-3). Let n = 33 + -27. Let l = n - x. What are the prime factors of l?
3, 5
Let c = 11 + -7. Suppose 0*l = 5*n + 3*l - 145, -c*l = -4*n + 84. List the prime factors of n.
2, 13
List the prime factors of -2 - (3 - (21 + -2)).
2, 7
Let d(j) = 3*j**2 + 9*j + 4. What are the prime factors of d(-6)?
2, 29
Let x = -18 - -18. Suppose w - 5 = -x*w - m, 3*m = 3. List the prime factors of w.
2
Let j be 9/15 - (-27)/5. Let d(o) = o - 6. Let i be d(j). Suppose 6*t - 3*t - 3*q - 51 = i, -4*q = 5*t - 40. List the prime factors of t.
2, 3
Suppose -5*t - 151 = 14. What are the prime factors of -5 - t - 2*-2?
2
Let a = -8 + 10. Suppose -8 = -5*r + a. List the prime factors of r.
2
Let s be 6/(-8)*1*-60. Suppose 3*f + 6 = 0, -5*w + 7*f = 2*f + s. Let m = w + 30. What are the prime factors of m?
19
Let u(c) = 42*c**2 + 5*c - 5. What are the prime factors of u(2)?
173
Let v = 426 + -136. List the prime factors of v.
2, 5, 29
What are the prime factors of 11 + -12 + (43 - -1)?
43
Let r = -9 - -18. List the prime factors of r.
3
Suppose -4*p - 3*q + 190 = -127, -216 = -3*p + 5*q. List the prime factors of p.
7, 11
List the prime factors of (7 - 4)*-1 - (-152 + 1).
2, 37
List the prime factors of (1/2)/(12/2592).
2, 3
Let d(j) = j**3 - 3*j**2 - 3*j. Let h be d(4). Suppose -3*b + 2*i + 91 = 0, h*b - 5*i - 110 = 9. What are the prime factors of b?
31
Suppose q - 2*h + 8 = -4, 4 = h. What are the prime factors of (2/q)/(1/(-12))?
2, 3
Let p = 171 - 87. What are the prime factors of p?
2, 3, 7
Suppose -6*j + 1 = -11. List the prime factors of j.
2
Let t(f) = -f**3 + 7*f**2 + 2*f - 6. Suppose -2*a + 6*a - 28 = 0. Let x be t(a). What are the prime factors of 2*(-26)/x*-2?
13
Suppose -r = -5*s - 118, -4*s = r - 135 - 1. What are the prime factors of r?
2
What are the prime factors of (-2)/12 + (-1226)/(-12) + 3?
3, 5, 7
Let d = -13 + 35. Suppose 3 = 3*b, z = -2*b + b + d. What are the prime factors of z?
3, 7
Let d(m) = m**3 - m**2 + m + 55. Let z = 1 - 1. Let k be d(z). Suppose b = 5*t - k, 3*t + 3*b = 3 + 12. List the prime factors of t.
2, 5
Let q(g) be the third derivative of -g**6/120 + g**5/12 + g**4/3 - 7*g**3/6 - g**2. Let r be (-1 - 6)*((-172)/(-28) - 7). What are the prime factors of q(r)?
5
Let z(f) = 5*f - 1. Let v be z(3). Suppose -5*m = -v - 71. List the prime factors of m.
17
Suppose 3*d - f = -140, -4*d + 4*f - 259 = -59. Let m be (d/(-6))/(1/(-2)). Let z = 29 + m. List the prime factors of z.
2, 7
Let l(v) = v**3 + 10*v**2 + 5*v + 3. Suppose -2*g - 9 = -g. What are the prime factors of l(g)?
3, 13
Let c be 3/(-1) + 2*2. Suppose 0 = 3*t - c - 17. List the prime factors of t.
2, 3
List the prime factors of -1*4/(16/(-788)).
197
Let h = -31 - -43. Let b = 30 - h. What are the prime factors of b?
2, 3
Suppose b - 12 = -3*b. Let u = 3 - b. Suppose -k + 11 = -u*k. List the prime factors of k.
11
Let h = 79 - 17. List the prime factors of h.
2, 31
Let f(n) = -166*n**3 + n + 2. List the prime factors of f(-1).
167
Let g be 12*((-658)/(-8))/7. Let u = 202 - g. List the prime factors of u.
61
Suppose 4*u + 5*k - 24 = 17, 0 = 3*u - k - 45. What are the prime factors of u?
2, 7
Let r(q) = q + 14. What are the prime factors of r(13)?
3
Let z(i) = 7*i + 3. Let g(h) = h. Let a(o) = -24*g(o) + 3*z(o). List the prime factors of a(-5).
2, 3
Suppose -42 = -o + 188. List the prime factors of o.
2, 5, 23
Let f = 44 - -27. What are the prime factors of f?
71
Suppose 2*g + 6*h + 52 = 3*h, -2*h + 92 = -5*g. Let f = g + 33. What are the prime factors of f?
13
Let h be 99/(-15) - 2/5. Let x be 3/(-4)*(3 + h). List the prime factors of (-33)/(-9) - x/(-9).
2
Let g = 0 + 22. Let o = g - 3. List the prime factors of o.
19
Suppose 0 = 2*z - 0*z + 5*w - 36, -3*w = 2*z - 32. Let q = 22 - z. List the prime factors of 316/36 - (-2)/q.
3
Let a = -21 - -14. Let j be (-1)/(0 + -1) - a. Let q = 3 + j. List the prime factors of q.
11
Let x(j) = -3*j**2 + 1 - 4*j + 2 + 2*j**2 - 5. Let w be x(-3). Suppose 2*f - 33 = w. What are the prime factors of f?
17
Let v be 0/(-2 - (-12)/3). Suppose 4*x + 0 - 20 = v. List the prime factors of x.
5
Let s(q) = -q**3 + q**2 - q - 2. Let c = -2 - -2. Let i be s(c). List the prime factors of (i*14/(-4))/1.
7
Let g = 0 + 5. Suppose -c + m = c - 12, -m = -g*c + 33. List the prime factors of c.
7
Let d(z) = -2*z**3 - 3*z**2 + 5*z + 2. Let o be d(-3). Let c be o*(1 + 2/(-14)). What are the prime factors of 0 + 1 + (c - -1)?
2, 7
Suppose 2 = -4*y + 10. Let r(s) = 4*s - y - 4*s + s. List the prime factors of r(4).
2
Suppose -5*h - 19 + 484 = 0. List the prime factors of h.
3, 31
Let s be 4 - (-11 - (0 + -3)). Let d be 25/(2 + -2 - -1). Let w = d - s. List the prime factors of w.
13
Suppose 0 = 2*m - 3*f - 233, m - 4*f = 93 + 11. List the prime factors of m/6 - 3/(-9).
3, 7
Suppose -21 - 68 = -t. What are the prime factors of t?
89
List the prime factors of (7 - -5) + (-1 - 1).
2, 5
Let n(r) = 4*r - 1. Let g be n(6). Let p = -10 + g. What are the prime factors of p?
13
Suppose 5*s - 19*s + 2842 = 0. What are the prime factors of s?
7, 29
Let a be -9 + 2 + -2 + 5. What are the prime factors of a/12*(-36 + 3)?
11
Let g = 0 - -3. Suppose -25 = -5*x - n, 3*x = x - g*n + 23. Suppose x*y = 49 - 1. What are the prime factors of y?
2, 3
Suppose -2*o = 3*d - 10, -16 = -3*o - 2*o - 3*d. Suppose 0 = -s - 3*s + 120. What are the prime factors of (o/5)/(1/s)?
2, 3
Suppose 2*w - 18 = 5*w. Let b be 12/(-1)*w/(-9). Let c = b - -18. List the prime factors of c.
2, 5
Let i(t) = -t + 7. Suppose -2*f + 4 - 14 = 0. Let r be i(f). Let w = 18 - r. What are the prime factors of w?
2, 3
What are the prime factors of (-9)/(1*3/(-3))?
3
Let n(x) = -x**3 + 4*x**2 - x - 1. Let y be n(3). Let k = 15 - 13. Suppose 4*f + 6 = 5*l - y, -k*l + f + 5 = 0. What are the prime factors of l?
3
Let r be (-4)/8 - 2/(-4). Let m be (-36)/(-1) + 0 + r. Suppose -i + m = 2*i. List the prime factors of i.
2, 3
Let c = -368 - -711. List the prime factors of c.
7
Suppose -3*x = -2*x. Let d be x/(5 + -3 + -4). What are the prime factors of -11*(-2 + 1 + d)?
11
Let s = -16 - -23. Let n(y) = y**3 - 6*y**2 - 6*y + 1. List the prime factors of n(s).
2
List the prime factors of 4*7/((-14)/(-8)).
2
Let g = -13 + -47. Let d = -36 - g. List the prime factors of d.
2, 3
Let p(n) = 2*n**3 + 4*n**2 - 2*n - 11. Let t(r) = -5*r**3 - 13*r**2 + 6*r + 32. Let x(m) = -8*p(m) - 3*t(m). What are the prime factors of x(6)?
2
Let y(z) = -8*z. Let r be y(-17). Let b = -92 + r. What are the prime factors of b?
2, 11
Let g = 42 + -24. Let k = g - 25. Let t = -1 - k. List the prime factors of t.
2, 3
Let m(g) = -g - 1. Let f be m(1). Let x be -3*(-1 - (-2)/(-6)). Let y = x + f. List the prime factors of y.
2
Let u = 187 + -84. List the prime factors of u.
103
Suppose -4*g + 105 = -115. What are the prime factors of g?
5, 11
Suppose r = 3*q - 11, 0 = -q + 4*r + 12 + 10. Let a = -4 - q. List the prime factors of (2/a - 0)*-69.
23
Suppose 3870 = -2*j + 17*j. What are the prime factors of j?
2, 3, 43
Let x(m) be the second derivative of 19*m**4/12 + m**3/3 + m**2/2 - 5*m. List the prime factors of x(-1).
2, 3
Let g(o) = 4*o**3 + 2*o**2 - o + 3. What are the prime factors of g(3)?
2, 3, 7
Let g be 0 - -7 - 9/(-3). Suppose g = -0*k + 5*k. Suppose k*u + 0*u = 30. List the prime factors of u.
3, 5
Suppose 3*g - 99 = -3*x, 0 = g - 0*g + 4*x - 24. List the prime factors of g.
2, 3
Suppose -2*x - 4*r = -4, 0 = -5*x - 0*r - 3*r - 18. Let z be (-1)/(((-6)/(-3))/x). Suppose i = -z*i + 12. What are the prime factors of i?
3
What are the prime factors of ((-1)/3)/(1/(-261))?
3, 29
What are the prime factors of ((-2)/2)/(-2 + 244/124)?
31
Suppose 3*l = 2*y + 304, 0*y - 6 = 3*y. Suppose c = 6*c + l. Let u = c + 29. What are the prime factors of u?
3
Suppose 53 = 19*m - 137. What are the prime factors of m?
2, 5
Let r(n) = n**2 + n + 1. Let o(s) = -s**2 - 7*s + 3. Let m be o(-7). Suppose f = m*p - 8, 2*p = -f + 3 + 4. What are the prime factors of r(p)?
13
List the prime factors of (-3 - 20)*(0 - 5).
5, 23
Let p be 1/(2 + (-22)/10). Let h(i) = -1. Let d(m) = m**2 + 5*m + 2. Let j(o) = -d(o) - 5*h(o). List the prime factors of j(p).
3
Let k = 2 + 0. Let t be 246/15 - k/5. List the prime factors of ((-3)/(-2))/(3/t).
2
Let c = 14 - 10. Suppose 0 = -c*u + 1 